(n) = n - 17. Let j be f(14). List the prime factors of (-13429)/(-39) + j + 16/6.
2, 43
Let h be 2788/10 + (-2)/(-10). Let x = h - 127. List the prime factors of x.
2, 19
Let d = 1 + 3. Let o(t) = -3*t - d*t + 0 - 1 + 4*t**2 - 10*t**2 + t**3. What are the prime factors of o(8)?
71
Let z(g) = -2560*g + 601. What are the prime factors of z(-3)?
7, 13
Let n = 261 - 252. Suppose 4*v = -n + 25. What are the prime factors of v?
2
Let z = -1223 + 2099. Let t = -436 + z. What are the prime factors of t?
2, 5, 11
Suppose 4*h - 43*s = -46*s + 25, 0 = s - 3. Suppose y - 4*f + 5*f = 728, -h*f = -5*y + 3667. List the prime factors of y.
17, 43
Let x(s) = 2*s**2 + 16*s - 1. Let i be 10/20 - 6/(-4) - 0. Suppose 3*m = -i*h - 34, -m = -h - 3*h + 16. What are the prime factors of x(m)?
5, 19
Let l = -2859 - -6892. What are the prime factors of l?
37, 109
List the prime factors of (768/(-18) - -10)*-285.
2, 5, 7, 19
Let n be 0 + (0 + 3 - -101). Let y = -163 + n. Let j = y + 75. What are the prime factors of j?
2
Suppose -25 = 5*f, -3*h + 0*f + f = -296. Let t = 104 - 137. Let j = h + t. What are the prime factors of j?
2
Let r = -283 + 287. Suppose -3*p + 1073 = -2*b, -5*b + 433 = -r*p + 1859. What are the prime factors of p?
359
Suppose -920*o = -932*o + 106164. List the prime factors of o.
3, 983
Let u = 260 - 252. Let n be ((-408)/(-9) - 2)*6. What are the prime factors of (n/u - -5) + (-2)/(-4)?
2, 19
Suppose -k + 13181 = 2*m, k + 5*k - 79156 = -2*m. List the prime factors of k.
5, 7, 13, 29
Suppose 0 = m - 2*m + 6. Let n be (9/m)/(4/(-16896)). What are the prime factors of 4/10 + n/(-110)?
2, 29
Suppose -5*t + 2*t = 8*t. Suppose c - 4 = 0, 0 = -3*h - t*h + 4*c + 257. List the prime factors of h.
7, 13
Suppose -i - 23*p + 6397 = -18*p, 0 = -i + 4*p + 6406. Suppose 0 = -6*m + 606 + i. List the prime factors of m.
2, 73
Suppose 0 = 4*v - q - 132982, 0 = -3*v + 3*q + 43624 + 56117. List the prime factors of v.
5, 61, 109
Let y = -22749 - -36104. What are the prime factors of y?
5, 2671
Let c(f) = -f**3 + 14*f**2 - 3*f + 45. Let l be c(14). What are the prime factors of -1*(-1074)/18*l?
179
Suppose -2*u = 2*l - 5000, 3*u - 5675 = -2*l + 1824. List the prime factors of u.
3, 7, 17
Let f(p) = -p**3 + 7*p**2 - 6*p + 8. Let h be f(5). Let o = h + -24. Let i(s) = -s**3 + 7*s**2 - 7*s + 5. List the prime factors of i(o).
5
Suppose 81118 = 41*s + 2726. Let p = -1098 + s. What are the prime factors of p?
2, 11, 37
Let t(v) = 19*v**3 - 130*v**2 - 59*v + 17. List the prime factors of t(11).
79, 113
Let j be -1 + 13/11 + 64/11. Let l be 1/(-4) - j/(-24). Suppose 5*m = -l*m + 485. List the prime factors of m.
97
Suppose 0 = c - 4 + 15. List the prime factors of -1 - c/((-77)/(-945)).
2, 67
Suppose 356*c - 9314931 - 9044701 = 0. What are the prime factors of c?
2, 12893
Let u(d) = 7*d - 4. Let h be u(-4). Let n = 56 - h. Suppose 4*r - 4*q - 172 = -44, 3*r = q + n. List the prime factors of r.
2, 7
Let a be (-1)/5 - (-4)/((-40)/(-22)). Suppose 0 = a*x - 72 - 218. What are the prime factors of x?
5, 29
Suppose 0*n + x = -n + 1, -4*n + 22 = -2*x. Suppose 3*d = 5*g + 827, n*d - 1093 = 2*g - 5*g. What are the prime factors of d?
2, 137
Suppose -5*s + 0*s - 675 = 0. Let y = 208 - s. List the prime factors of y.
7
Let d be (-6)/27 - (42/(-27))/(-2). Let t = 3 + d. Suppose t*a + 2*b - 114 = 0, -4*b - 120 = -2*a - 0*a. What are the prime factors of a?
2, 29
Let o be (27/(-6) + 5)*-16. What are the prime factors of 1866/12 + 4/o?
5, 31
Let y be (-692)/6 - ((-55)/(-15) - 3). Let m = 61 - y. What are the prime factors of m?
3, 59
Suppose 3*k - 8484 = -11*k. Suppose 2*b + 5*c - k = b, 2970 = 5*b - 5*c. What are the prime factors of b?
2, 149
Suppose 11*x = -33*x + 350504. What are the prime factors of x?
2, 7, 569
Suppose -12*l - 3*l = -225. Let v(g) = g**3 - 14*g**2 + 20*g - 12. What are the prime factors of v(l)?
3, 19
Let b(o) = -2*o**3 + o**2 - 1. Let h be b(-1). Suppose h*q + 420 = -5*q. What are the prime factors of (-1)/(1 - q/(-55))?
11
What are the prime factors of ((-35584)/(-160))/(((-18)/(-1140))/((-3)/(-4)))?
2, 19, 139
Let u(z) = 2*z + 1. Let c(h) = -31*h + 9. Let t(v) = c(v) + u(v). Let s(p) = p - 1. Let a(j) = -5*s(j) - t(j). List the prime factors of a(9).
211
What are the prime factors of 12/10 - ((-685406)/95 + 2)?
2, 3607
Suppose -475 = -4*d + 29. Suppose 46 + 8 = 2*g - 4*z, -2*z = 4*g - 88. Suppose l - d = -g. What are the prime factors of l?
103
Let q(s) = -23*s + 1. Let f be q(2). Let x = f + 54. Suppose x*g - 10*g + 97 = 0. List the prime factors of g.
97
Suppose -45 + 12 = -3*w. Let t(l) = -13*l + 30. Let h be t(w). Let m = -40 - h. What are the prime factors of m?
73
What are the prime factors of (-682320)/(-110) - -6 - 4/(-44)?
7, 887
Let l = 8824 - 1288. List the prime factors of l.
2, 3, 157
Let f be 85 + (3/(-2))/((-3)/(-6)). Let k = -22 + f. Let w = k - 23. What are the prime factors of w?
37
Let z(o) = 11730*o**3 - 8*o**2 + 21*o - 14. What are the prime factors of z(1)?
37, 317
Let l(h) = -173*h + 283. Let a(d) = 172*d - 236. Let x(m) = 6*a(m) + 5*l(m). Let r(q) = q**2 - 3*q + 3. Let i be r(2). What are the prime factors of x(i)?
2, 83
Let w(t) = 12 + 12 - t**2 - 4 + 3*t**2 + 19*t. Let d be w(-12). Suppose 7*r + 3*r = d. What are the prime factors of r?
2
Let r(n) = 13*n + 15. Let o be r(-5). Let g = -16 - -2. Let m = g - o. What are the prime factors of m?
2, 3
Suppose 20*u - 69913 = -28233. List the prime factors of u.
2, 521
Let a = -3384 - -5930. List the prime factors of a.
2, 19, 67
List the prime factors of (-123872)/(-232) + (-8)/(-116).
2, 3, 89
Let l(u) be the second derivative of 25*u**4/12 - 2*u**3/3 - 3*u**2/2 + 11*u. Let h be l(-3). Let t = h + -145. List the prime factors of t.
89
Suppose -5*w - 223 - 223 = 4*j, w - 458 = 4*j. Let u be -4 + (-5 - -12) - j. Let p = -49 + u. What are the prime factors of p?
2, 17
Suppose 2 = -5*p - 3*w + 16, 0 = 2*w + 4. Suppose -3625 = -p*q + 11*n - 16*n, 4*q - 3615 = -3*n. List the prime factors of q.
2, 3, 5
Suppose n = -4*u + 294036, -610*u - 5*n - 294012 = -614*u. List the prime factors of u.
2, 17, 23, 47
Suppose 4*r - 6978 = -4*h - 2398, 1155 = h - r. Let s = -675 + h. What are the prime factors of s?
5, 19
Let b(w) = -3405*w**3 + 5*w**2 - 125*w - 382. List the prime factors of b(-3).
7, 1877
Let n(x) = 21*x**2 + 8*x - 2. Let d be n(4). Let y = d - 17. List the prime factors of y.
349
Let p(x) be the second derivative of x**5/20 - x**4/2 - 41*x**3/6 - 15*x**2 + 157*x. List the prime factors of p(14).
2, 241
Let a = -70 - -64. Let u be 1*(a - 9)*(-6)/5. Let y = 33 + u. List the prime factors of y.
3, 17
Let g(l) be the second derivative of l**5/20 - l**4/4 - l**2/2 - 14*l. Let q be g(3). List the prime factors of (-1160)/(-12) - q/3.
97
What are the prime factors of 4/20*15*(2 - -4012)?
2, 3, 223
Let z(c) = 7*c**2 + 26*c - 3. Let o be z(-4). What are the prime factors of (((-233)/o)/(-1))/(19/95)?
233
Let p = 162 - 111. Let d = p + -8. What are the prime factors of d?
43
Suppose 70*l + 45213 = 3*j + 73*l, -j = 3*l - 15075. What are the prime factors of j?
3, 5023
Let h(w) be the second derivative of 0*w**2 + 0 - 14*w + 9/4*w**4 + 0*w**3. List the prime factors of h(1).
3
Suppose 4*c + 5*s = 1265 + 3643, -2*c = -2*s - 2436. Let m = c + -547. What are the prime factors of m?
3, 5
Let m be -4 + 879/3 - 1. Let f be 7/2*m/126. Suppose v = 3*p - f*p + 41, -5*p + 3*v = -57. What are the prime factors of p?
3
Suppose 4*a - 3*m - 40 = -m, -a + 4*m = -3. Let i = 9 - a. List the prime factors of (i - -4)*46/1.
2, 23
Suppose -z - 5*j + 122 = -945, 0 = j + 2. Let k = -547 + z. List the prime factors of k.
2, 5, 53
Let n(l) = -45*l**3 + 4*l**2 - l - 23. Let j be n(-4). Suppose -195*r + j = -192*r. What are the prime factors of r?
3, 5, 13
What are the prime factors of (-2)/(-5)*3252810/66?
2, 9857
Let v = -125 + 127. Suppose 3*x = 5*x - 3*q - 38, 66 = v*x + 4*q. List the prime factors of x.
5
Suppose -130*c + 695385 = -474416 - 117719. List the prime factors of c.
2, 619
Let n(f) = 10*f**2 + 207*f - 305. List the prime factors of n(30).
5, 11, 271
Suppose -5*g + x = 4, -1 = 5*g - 3*x + 1. List the prime factors of (g/4)/(32/(-20608)).
7, 23
Let c = -39047 + 61051. What are the prime factors of c?
2, 5501
Let f b